t is v(-14)?
55
Let m be 6 - (-1 - 4 - -9). Let b(q) = 1207*q + q**3 - 1216*q - m + 5*q**2 + 3*q**2. Let p be 0 + (-9)/((-3)/(-3)). Calculate b(p).
-2
Let z(g) = -g**2 + 3. Let p be 1/2 + (-8)/((-64)/12). Let y be (1 - 1)/(2*p/(-4)). Suppose 3*a + 0 = -y. Calculate z(a).
3
Let f(o) = -2*o + 18 - 7 + 3*o - 7*o. Let k(v) = 4*v + 81. Let g be k(-19). Let s(a) = -5*a + 9. Let l(m) = g*s(m) - 4*f(m). Determine l(-6).
7
Let n be ((-762120)/48)/(1/(-2)). Let l(c) = c + 31755 - n. What is l(-6)?
-6
Let g be (48/(-6) - -5) + -6. Let q(o) = o**2 + 5*o - 39. What is q(g)?
-3
Let y(n) = -10*n - 176. Let a be y(-16). Let q(g) = g**3 + 15*g**2 - 8*g + 128. Let x be q(a). Let c(b) = -b**3 - b**2 + 14. What is c(x)?
14
Let z(b) = -b**2 + 29*b - 129. Let l = 7090 - 7065. Determine z(l).
-29
Let i(m) = m**2 - 47*m - 26. Let o(t) = -t**2 + 70*t + 26. Let f(r) = -3*i(r) - 2*o(r). Calculate f(-7).
-30
Suppose 0 = 3*w + 5*o + 1, 3*w - w + 7 = 3*o. Suppose -120*y = -122*y + 4. Let k(n) = 6*n**2 + y - 4*n**2 - 7*n**2 + 3*n**2 + 2*n. Give k(w).
-10
Let z = -3 + 9. Suppose z*q - 41 = 13. Let n(u) = -4 + 7*u - 15*u + q*u - 3. What is n(5)?
-2
Let v = -59 + -293. Let z = -349 - v. Let w(h) = h - 7. What is w(z)?
-4
Let c(n) = 2*n**2 - 2*n - 23. Let a(k) = 2*k**2 - 4*k - 20. Let p(y) = -2*a(y) + 3*c(y). Calculate p(-4).
-5
Let d(g) be the first derivative of 10*g**3/3 + 3*g**2/2 - 13*g + 10319. What is d(3)?
86
Let u(x) = -x - 14. Suppose -5*w - 19*w = -6*w + 198. Calculate u(w).
-3
Let p(d) be the second derivative of d**5/20 + 5*d**4/4 + 17*d**3/6 + 7*d**2/2 - 5656*d. Calculate p(-14).
-35
Let t(z) = -3*z + 4. Suppose 41 = 2*f + 5*j, -4*j + 94 = 4*f + f. Let g(c) = -14 + 11*c + c - 3 + 0. Let n(b) = f*t(b) + 4*g(b). Calculate n(-3).
22
Let q(i) = -2*i**3 - 3*i**2 + i + 6. Suppose 438 = -245*f + 26*f. Determine q(f).
8
Suppose -52*m + 74*m + 59*m - 324 = 0. Let p(j) = -2*j**2 + 17*j - 8. Determine p(m).
28
Let z(l) = -80*l**3 - 28*l**2 - 30*l - 57. Let r(v) = 37*v**3 + 14*v**2 + 14*v + 28. Let t(g) = -13*r(g) - 6*z(g). Calculate t(-14).
6
Let k(j) = 4*j**2 + 0*j + 2*j + 2*j**3 + 2 - 2*j**3 + j**3. Let y be 6 + -4 + 6 + 19. Let f = y + -29. What is k(f)?
6
Let h(i) = -i**3 - 11 + 163*i**2 - i - 348*i**2 + 164*i**2. Calculate h(-21).
10
Let w be -3*(16/6 + -2). Let c(v) be the third derivative of -19*v**4/24 - v**3/3 + 4807*v**2 + 4*v. Determine c(w).
36
Let y(v) = 18*v + 23 - 16*v**2 - 570*v**3 - 553*v**3 + 1122*v**3. What is y(-17)?
6
Let i(x) = -x**2 - 8*x - 6. Suppose 5*v = 3*v - 14. Let n be i(v). Let j(z) = -8606 - 8606 + 17211 + 9*z. Calculate j(n).
8
Let g(m) = -m**2 + 3*m - 4. Let t(u) = u**2 - 17*u - 57. Let c be (-308)/(-44) - (-26)/2. Let b be t(c). What is g(b)?
-4
Let w(d) = 28*d**2 + 2*d - 1. Let k(m) = m - 22. Let p be k(0). Let a(u) = 3*u + 9683 - u - 9638. Let x be a(p). What is w(x)?
29
Let y be 2564/284 - 152/5396. Let c(z) = -z**2 - 22*z + 271. Determine c(y).
-8
Suppose 2*r = -2*r + 40. Let d(l) = -3 - l**2 + 0*l + 3*l - 7 + r*l. Give d(12).
2
Let k(f) = -2*f**3 + 52*f**2 + f - 26. Let x(o) = -o**3 + 95*o**2 + 1285*o - 81. Let s be x(107). Give k(s).
0
Let w be 37592/9144 - -1*1/(-9). Let l(x) be the third derivative of -x**4/24 - 2*x**2. Give l(w).
-4
Let t(f) = -3*f**2 - 20*f - 28. Let d(o) = o**2 + 10*o + 14. Let l(m) = -5*d(m) - 2*t(m). Suppose 4*q + 16*g = 140, -40 = 4*q - 4*g - 60. Give l(q).
-3
Let h(o) = -7*o + 24. Let m be 495/(-165) + (-9 - 1). Give h(m).
115
Let d(p) = 18*p + 19. Let x(q) = -33*q - 39. Let z(o) = -5*d(o) - 3*x(o). Determine z(2).
40
Let l(p) = 170*p - 25. Let o(z) = 14*z - 2. Let h(c) = 6*l(c) - 75*o(c). Let t(d) = d**2 + 41*d + 39. Let n be t(-40). What is h(n)?
30
Let l(o) = -o - 1. Let n = 39 - 15. Suppose -2*y = -0*c + 2*c, -y = -c + 6. Suppose x = -c*x - n. Give l(x).
5
Let g(l) = -6*l + 0*l + 9*l - 6*l - 29 + 2*l. What is g(-23)?
-6
Suppose 0 = -1822*r + 1839*r. Let w(s) = s**2 + 2*s + 8. What is w(r)?
8
Let s = 322 - 303. Let b(j) = -2*j**2 + 40*j - 43. Let m(o) = -o**2 + 20*o - 23. Let t(k) = -4*b(k) + 7*m(k). Determine t(s).
-8
Let k(r) = 4*r. Let n(f) = 3*f - 7. Let g(p) = p - 4. Let q(j) = -5*g(j) + 3*n(j). Let c(l) = -2*k(l) + 3*q(l). Let u be -3 + -2 - (-8 + 1). Calculate c(u).
5
Let v(b) = -2*b + 10. Let n(f) = -f + 9. Let p be ((-3)/2)/((-15)/24 - -1). Let c(w) = p*v(w) + 5*n(w). Let h be 2/7 + (-228)/(-84) + 1. Calculate c(h).
17
Suppose -21*s + 7*s = -70. Suppose -k + 13 = -2*t, -s*t + 6*t + 19 = -2*k. Let l(y) be the third derivative of y**4/12 + 11*y**3/6 + y**2. What is l(t)?
-7
Let w(c) = 2*c**2 - 5*c + 4. Let r(m) = m**2 + 3*m - 11. Let f be r(5). Suppose 0 = -x + 32 - f. Determine w(x).
7
Suppose -3*m - 8 = -4*n, 20 = -4*m + 2*n + n. Let g(d) = -5*d**2 + 10*d + 15. Let k(x) = -2*x**2 + 3*x + 5. Let v(a) = m*k(a) + 3*g(a). Determine v(-5).
0
Let w be -20 - (11 - (-238)/204*(-6 - 0)). Let o(b) = -b**3 - 24*b**2 + b + 18. What is o(w)?
-6
Let h(c) = -c**3 - c**2 - 1. Let n = 220 - 211. Suppose -4*u + n = 3*z - 3, -20 = -2*u - 5*z. Calculate h(u).
-1
Let m(s) = 0 + 3 - 9*s + 3*s**2 - 2*s**2 + 0*s**2. Suppose -5*k = -10 - 5. Suppose k*h + 15 = 0, -h + 6*h + 46 = 3*y. Calculate m(y).
-11
Let t(m) = 20 + 64*m + 0*m**2 - 89*m - 7*m**2 - 62. Let h(c) = 3*c**2 + 12*c + 20. Let i(x) = 9*h(x) + 4*t(x). Give i(9).
3
Let q be 76/6 - (-2)/(-3). Let l(g) = 0*g**3 + g + 4*g**3 - 12*g**2 - 49108 - 49103 + 98210 - 3*g**3. Give l(q).
11
Let y(m) = -3*m**2 - 18*m + 20. Let f(r) be the first derivative of -8*r**3/3 - 26*r**2 + 59*r - 41. Let j(c) = -4*f(c) + 11*y(c). Give j(8).
0
Let w(u) = -5*u**2 + 6*u + 2. Let a(d) = -5*d**2 - 30*d + 32. Let z be a(-7). Let i(l) = -4*l**2 + 7*l + 1. Let h(k) = z*w(k) + 4*i(k). What is h(9)?
7
Let l(a) = a - 4. Let t(p) be the second derivative of p**4/6 - 7*p**3/6 - 5*p**2 + 15*p. Let b be t(6). Suppose -b*q + 10 = -15*q. Give l(q).
-2
Let t(a) be the third derivative of -a**4/6 - 49*a**3/6 - 6*a**2 - 168*a. Give t(-26).
55
Let d(w) = 10*w**3 - w. Let z(t) = -9 - t**3 - 93*t**2 + 194*t**2 - 95*t**2 + 17*t. Let m be z(8). Give d(m).
-9
Let w(z) = -3*z - 21. Let c be (-990)/165*(0 - -1). What is w(c)?
-3
Suppose 2*a - 21 - 12 = -3*y, 4*y - 20 = 0. Let o(b) be the first derivative of 9 + b**2 - 33 - 4 - 13*b. Determine o(a).
5
Suppose -2*g + 4 = 3*l, 8 = -4*g + 5*l - 7*l. Let d be -3 - (-2)/(g - -2). Let a(i) = -4*i + 8 - 17 + 2*i + 3. Determine a(d).
2
Let q(t) be the first derivative of 2*t**2 + 21*t + 1084. Determine q(-4).
5
Let t(d) = -d**2 - 5*d - 10. Let m = 3721 + -3725. Calculate t(m).
-6
Let d(p) = -2*p - 4. Let c be d(-8). Let k(w) = 6*w - 7. Let g be k(1). Let m(x) = -10*x + 2. Let q(r) = -r. Let z(h) = c*q(h) + g*m(h). Determine z(-2).
2
Let v = 27 + -22. Suppose 4*t - v*q - 60 = 3*t, -4*t = -3*q - 274. Let l(w) = -38 + t + 5*w - 34 - 4*w. Calculate l(-3).
-5
Let v(s) = -2*s**3 + 9*s**2 + 16*s + 35. Let w(r) = 5*r**3 - 19*r**2 - 36*r - 77. Let u(m) = 7*v(m) + 3*w(m). Calculate u(-6).
-10
Let b(o) = o**2 - 16*o + 50. Let x be b(12). Let g(k) be the second derivative of -5*k + 0*k**3 + 0*k**2 - 1/6*k**4 + 0. Calculate g(x).
-8
Let f = -139 + 36. Let l be (-4)/42 - f/(-21). Let c(x) = -x**2 - 2*x + 1. Give c(l).
-14
Let w(j) = -5*j - 11 - 3*j + 18 - 2*j**2 + j**2. Suppose 15 = -3*n - 2*x, 5*n - 8*x + 5*x + 44 = 0. What is w(n)?
14
Let s(m) = m**2 + 10*m. Let i(a) = -12*a**2 + 15*a. Let y be i(4). Suppose -4*b - 11 = c, 0*b + b - c + 9 = 0. Let r be b/(-14) - y/(-21). Give s(r).
-24
Suppose 3*x - 19 = 2*s, -1658*x + 3 = s - 1657*x. Let p(k) = 7*k**3 - 2*k**2 + 2*k + 3. Calculate p(s).
-65
Suppose -362*j = -373*j + 11. Let o(l) = -l - 2. Let k(d) = 2. Let h(f) = j*o(f) + 3*k(f). What is h(5)?
-1
Suppose 1762*t - 1757*t - w = -19, -3*t = -3*w + 21. Let b(f) = -2*f**2 + 8*f + 27. Give b(t).
-15
Suppose -48*v - 3*v = 3806 + 376. Let y(a) = 6*a + 496. What is y(v)?
4
Let n(h) = 5*h**3 + 2*h**2 - 1. Suppose 3*z - 83 = b + 28, 2*b - z = -202. Let r = -85 - b. Suppose -3*k - r = -5*c, 6*k = 2*c + 3*k - 11. Calculate n(c).
6
Let n(r) = -11*r. Let j = -434 - -442. Suppose j*c - 15*c = -7. Determine n(c).
-11
Let j(p) = p**3 - 3*p**2 + 2*p + 2. Suppose 0 = -u - 7*u + 336. Let f = 45 - u. Let d(i) = -i**3 + 3*i**2 - i - 1. Let t(s) = f*d(s) + 2*j(s). What is t(2)?
7
Let r(h) be the secon